79 a prime number?
True
Is 21881120459 prime?
False
Is 113537194241 composite?
False
Is 99216911 prime?
False
Is 19524353759 composite?
True
Is 332898089 a composite number?
True
Is 174893437083 a prime number?
False
Is 440131033 composite?
True
Is 5783109329 a composite number?
True
Is 233294839 composite?
False
Is 4070830261 a composite number?
True
Is 7284590377 prime?
False
Is 11155709603 a prime number?
False
Is 3794699693 composite?
True
Is 127336315549 composite?
False
Is 220578079 a composite number?
False
Is 612123037 composite?
False
Is 71912063 a composite number?
True
Is 9460825922 composite?
True
Is 1385112361 composite?
True
Is 19345251979 prime?
True
Is 17577906485 a prime number?
False
Is 1171635419 composite?
True
Is 5184529589 composite?
True
Is 1279586489 prime?
True
Is 63400651 a composite number?
False
Is 63411213473 composite?
False
Is 279704119 a composite number?
False
Is 20745585961 a composite number?
False
Is 4030481111 a composite number?
True
Is 8857131 a composite number?
True
Is 7562005973 a composite number?
False
Is 12187904093 a composite number?
True
Is 2179513691 composite?
False
Is 767591443 composite?
True
Is 6177418447 a composite number?
True
Is 25047256517 prime?
True
Is 869363023 a composite number?
False
Is 9523492073 a prime number?
False
Is 14097099977 a prime number?
True
Is 260379488821 prime?
True
Is 189642623 prime?
False
Is 352065557 a prime number?
True
Is 835193669 a composite number?
True
Is 386308567 a composite number?
True
Is 3847990667 prime?
False
Is 27001673501 a composite number?
True
Is 18289852649 prime?
True
Is 15478605973 prime?
True
Is 480909877 prime?
False
Is 8719335481 composite?
False
Is 51492421517 prime?
True
Is 286922645 a prime number?
False
Is 11429453 composite?
True
Is 18647215115 composite?
True
Is 24812139881 a prime number?
False
Is 126575123 composite?
True
Is 4023136729 a composite number?
False
Is 9207039629 composite?
False
Is 7478274107 composite?
True
Is 914611307 prime?
False
Is 318934131 a prime number?
False
Is 15155726909 a composite number?
True
Is 3045079127 a composite number?
True
Is 402754867 prime?
False
Is 12576798233 prime?
True
Is 19258843931 a prime number?
True
Is 20401083343 prime?
False
Is 703185107 a prime number?
False
Is 4846130957 prime?
True
Is 34645967383 prime?
True
Is 4102632431 composite?
False
Is 80532307 a prime number?
True
Is 10039735117 prime?
True
Is 106929547 prime?
True
Is 8162542907 prime?
True
Is 2410479541 a prime number?
True
Is 56837180653 a prime number?
False
Is 41031983063 a composite number?
False
Is 3645099529 composite?
True
Is 567897283 a prime number?
True
Is 801586069 prime?
False
Is 7198463803 a composite number?
False
Is 17837249767 composite?
False
Is 20494829501 a prime number?
True
Is 34963565053 a composite number?
False
Is 14457062047 a composite number?
True
Is 319279651 a prime number?
False
Is 525665929 a prime number?
True
Is 1544982937 a composite number?
True
Is 792359779 a prime number?
False
Is 8276127347 composite?
False
Is 39048971771 a composite number?
False
Is 236697281 a prime number?
True
Is 16854935819 a prime number?
True
Is 463355803 a composite number?
False
Is 2405328287 composite?
False
Is 258186637 prime?
True
Is 158909791 a prime number?
False
Is 3454925323 composite?
False
Is 7580349589 composite?
True
Is 3356863043 prime?
True
Is 1826897043 prime?
False
Is 1541009549 prime?
True
Is 916367899 composite?
False
Is 2055980297 prime?
False
Is 363791657 a prime number?
True
Is 3665462993 composite?
True
Is 48354019871 composite?
False
Is 436356397 a prime number?
True
Is 182381785 a prime number?
False
Is 1953994051 a composite number?
True
Is 25224591269 prime?
True
Is 4759102927 a prime number?
False
Is 378629827 a composite number?
True
Is 226452349 a composite number?
False
Is 25947207551 composite?
False
Is 3806509901 prime?
False
Is 1145787431 prime?
True
Is 619371019 a composite number?
False
Is 6466915109 prime?
True
Is 32705489053 prime?
True
Is 2224918567 a composite number?
True
Is 362806901 a composite number?
False
Is 467829337 composite?
True
Is 4386677941 composite?
False
Is 15804868591 composite?
True
Is 806963009 a prime number?
True
Is 16086831427 prime?
True
Is 76417404751 prime?
True
Is 538544507 a composite number?
True
Is 2470438693 prime?
True
Is 9974758069 a composite number?
False
Is 424919299 composite?
True
Is 34234642151 a composite number?
True
Is 4349666539 a composite number?
True
Is 99460316123 a composite number?
True
Is 68736232219 prime?
False
Is 492094849 prime?
True
Is 735455503 a prime number?
False
Is 2352177451 a composite number?
True
Is 485551009 composite?
False
Is 4550833361 a composite number?
False
Is 3660518449 prime?
False
Is 16965142483 a composite number?
True
Is 10048698409 a composite number?
True
Is 18025996907 a prime number?
True
Is 192598855 composite?
True
Is 4883015381 a prime number?
False
Is 26428782049 composite?
False
Is 2723635307 composite?
False
Is 147405242833 a prime number?
True
Is 1002456809 composite?
False
Is 345371023 prime?
True
Is 189560737121 composite?
True
Is 8514436987 prime?
False
Is 10370593507 composite?
True
Is 275237947 a composite number?
False
Is 206347416313 a composite number?
False
Is 116136760177 prime?
True
Is 30865474919 composite?
False
Is 30036823613 composite?
True
Is 801433079 a prime number?
False
Is 3928638374 prime?
False
Is 15811525949 composite?
True
Is 188045246321 composite?
False
Is 69872012603 prime?
True
Is 1646196323 composite?
False
Is 2344497107 prime?
False
Is 39619637801 a prime number?
True
Is 440479097 a prime number?
True
Is 1739061577 a composite number?
True
Is 5781620603 composite?
True
Is 1632196789 prime?
False
Is 8442403819 a composite number?
False
Is 1485346301 a composite number?
True
Is 1195852211 composite?
False
Is 11660030071 a prime number?
False
Is 28827703 prime?
True
Is 17797045463 a prime number?
True
Is 84314443019 prime?
True
Is 721452331 composite?
True
Is 5774927369 prime?
True
Is 7515100441 composite?
True
Is 3535127957 a composite number?
True
Is 75192700631 prime?
True
Is 10898946997 a composite number?
False
Is 1510544719 a prime number?
False
Is 666617971 prime?
True
Is 48750215 prime?
False
Is 27229055033 a prime number?
True
Is 1168480697 prime?
True
Is 47190332483 a composite number?
True
Is 2180377061 a composite number?
False
Is 189985193 prime?
True
Is 717673057 a composite number?
True
Is 37262736311 prime?
True
Is 255224971 composite?
False
Is 1653753077 prime?
True
Is 10800203261 a prime number?
True
Is 2995385149 composite?
False
Is 435239921 a prime number?
False
Is 477957367 a prime number?
True
Is 631138997 prime?
False
Is 7918850777 prime?
True
Is 221967397 a prime number?
False
Is 1970982427 prime?
True
Is 312577463 composite?
True
Is 98773577 a prime number?
False
Is 6384108529 a composite number?
True
Is 25244050462 a composite number?
True
Is 206164181 a composite number?
False
Is 87399816583 a composite number?
False
Is 39137368001 prime?
True
Is 1974266057 prime?
True
Is 47761657 a composite number?
True
Is 56378385469 a prime number?
False
Is 15017259263 a composite number?
True
Is 800036582 a composite number?
True
Is 413818123 a prime number?
True
Is 132001348637 prime?
False
Is 19606133693 prime?
False
Is 7554399533 a composite number?
False
Is 543602633 a prime number?
False
Is 1552274431 prime?
False
Is 15296488507 a prime number?
True
Is 13108997003 a composite number?
True
Is 2654987171 prime?
True
Is 166896693071 a composite number?
False
Is 1056617893 a composite number?
True
Is 270906521 composite?
False
Is 45370418153 prime?
True
Is 26234712967 composite?
False
Is 103656671 prime?
False
Is 18667701779 a composite number?
False
Is 1645030477 a composite number?
True
Is 275576479 a prime number?
True
Is 4621717547 a prime number?
False
Is 678259687 composite?
True
Is 833801273 a prime number?
True
Is 170265553 a composite number?
True
Is 519886361 a composite number?
True
Is 4570041867 a prime number?
False
Is 220849679 composite?
False
Is 176029767973 composite?
False
Is 86829767 composite?
True
Is 2665077911 a prime number?
False
Is 244750589 composite?
True
Is 435688703755 a prime number?
False
Is 2189373973 a co